{"id":8223,"date":"2025-11-16T08:09:29","date_gmt":"2025-11-16T07:09:29","guid":{"rendered":"https:\/\/bashirrased.com\/tienda\/producto\/shuddha-guggulu\/"},"modified":"2025-12-18T06:48:49","modified_gmt":"2025-12-18T05:48:49","slug":"shuddha-guggulu","status":"publish","type":"product","link":"https:\/\/bashirrased.com\/tienda\/producto\/shuddha-guggulu\/","title":{"rendered":"Shuddha Guggulu"},"content":{"rendered":"<div class=\"accordion\">\n\t<div id=\"accordion-2384490189\" class=\"accordion-item\">\n\t\t<a id=\"accordion-2384490189-label\" class=\"accordion-title plain\" href=\"#accordion-item-informaci\u00f3n-del-producto\" aria-expanded=\"false\" aria-controls=\"accordion-2384490189-content\">\n\t\t\t<button class=\"toggle\" aria-label=\"Toggle\"><i class=\"icon-angle-down\" aria-hidden=\"true\"><\/i><\/button>\n\t\t\t<span>Informaci\u00f3n del producto<\/span>\n\t\t<\/a>\n\t\t<div id=\"accordion-2384490189-content\" class=\"accordion-inner\" aria-labelledby=\"accordion-2384490189-label\">\n\t\t\t\n<h2>Shuddha Guggulu \u2013 Pastillas para el colesterol naturales<\/h2>\n<p>Shuddha Guggulu es un complemento tradicional de origen ayurv\u00e9dico, formulado como <strong>pastillas colesterol naturales<\/strong> para quienes buscan un enfoque equilibrado y vegetal para el cuidado del organismo. En la actualidad, cada vez m\u00e1s personas optan por una <strong>medicina natural para el colesterol<\/strong>, integr\u00e1ndola dentro de un estilo de vida saludable que combine alimentaci\u00f3n consciente, actividad f\u00edsica regular y h\u00e1bitos equilibrados.<\/p>\n<p>Gracias a su composici\u00f3n basada en extractos vegetales cuidadosamente seleccionados, este producto se utiliza como apoyo natural para mantener el equilibrio de los l\u00edpidos en el organismo, siendo una opci\u00f3n apreciada dentro del \u00e1mbito del herbolario tradicional.<\/p>\n\t\t<\/div>\n\t<\/div>\n\t\n\t<div id=\"accordion-3851490198\" class=\"accordion-item\">\n\t\t<a id=\"accordion-3851490198-label\" class=\"accordion-title plain\" href=\"#accordion-item-\u00bfqu\u00e9-es-shuddha-guggulu?\" aria-expanded=\"false\" aria-controls=\"accordion-3851490198-content\">\n\t\t\t<button class=\"toggle\" aria-label=\"Toggle\"><i class=\"icon-angle-down\" aria-hidden=\"true\"><\/i><\/button>\n\t\t\t<span>\u00bfQu\u00e9 es Shuddha Guggulu?<\/span>\n\t\t<\/a>\n\t\t<div id=\"accordion-3851490198-content\" class=\"accordion-inner\" aria-labelledby=\"accordion-3851490198-label\">\n\t\t\t\n<h2>\u00bfQu\u00e9 es Shuddha Guggulu?<\/h2>\n<p>En primer lugar, Shuddha Guggulu es una formulaci\u00f3n tradicional procedente de la medicina ayurv\u00e9dica, elaborada a partir de la resina purificada del guggul. Tradicionalmente, este ingrediente ha sido valorado por su uso dentro de la <strong>medicina natural para el colesterol<\/strong>, especialmente como complemento vegetal integrado en rutinas de bienestar a largo plazo.<\/p>\n<p>A diferencia de otros productos de origen sint\u00e9tico, estas pastillas de herbolario se basan en un enfoque hol\u00edstico, donde el bienestar general del organismo es tan importante como el equilibrio interno.<\/p>\n\t\t<\/div>\n\t<\/div>\n\t\n\t<div id=\"accordion-3101469930\" class=\"accordion-item\">\n\t\t<a id=\"accordion-3101469930-label\" class=\"accordion-title plain\" href=\"#accordion-item-colesterol-y-triglic\u00e9ridos\" aria-expanded=\"false\" aria-controls=\"accordion-3101469930-content\">\n\t\t\t<button class=\"toggle\" aria-label=\"Toggle\"><i class=\"icon-angle-down\" aria-hidden=\"true\"><\/i><\/button>\n\t\t\t<span>Colesterol y triglic\u00e9ridos<\/span>\n\t\t<\/a>\n\t\t<div id=\"accordion-3101469930-content\" class=\"accordion-inner\" aria-labelledby=\"accordion-3101469930-label\">\n\t\t\t\n<h2>Pastillas naturales para el colesterol y triglic\u00e9ridos<\/h2>\n<p>Shuddha Guggulu se presenta como una opci\u00f3n dentro de las <strong>pastillas <a href=\"https:\/\/bashirrased.com\/tienda\/producto\/abana\/\">naturales para el colesterol y triglic\u00e9ridos<\/a><\/strong>, pensada para quienes desean apoyar el equilibrio lip\u00eddico de forma natural. Por este motivo, suele integrarse dentro de un enfoque global que combine una dieta equilibrada, ejercicio regular y un estilo de vida activo.<\/p>\n<p>Como resultado, muchas personas que buscan <strong>pastillas colesterol herbolario<\/strong> consideran este tipo de formulaciones como parte de un cuidado preventivo y consciente del bienestar cardiovascular.<\/p>\n\t\t<\/div>\n\t<\/div>\n\t\n\t<div id=\"accordion-325466292\" class=\"accordion-item\">\n\t\t<a id=\"accordion-325466292-label\" class=\"accordion-title plain\" href=\"#accordion-item-apoyo-para-los-triglic\u00e9ridos\" aria-expanded=\"false\" aria-controls=\"accordion-325466292-content\">\n\t\t\t<button class=\"toggle\" aria-label=\"Toggle\"><i class=\"icon-angle-down\" aria-hidden=\"true\"><\/i><\/button>\n\t\t\t<span>Apoyo para los triglic\u00e9ridos<\/span>\n\t\t<\/a>\n\t\t<div id=\"accordion-325466292-content\" class=\"accordion-inner\" aria-labelledby=\"accordion-325466292-label\">\n\t\t\t\n<h2>Apoyo natural para los triglic\u00e9ridos<\/h2>\n<p>Igualmente, este complemento vegetal es valorado como apoyo natural para quienes desean cuidar el equilibrio de los triglic\u00e9ridos. En este contexto, las <strong>pastillas naturales para bajar los triglic\u00e9ridos<\/strong> se utilizan como parte de una rutina saludable, siempre acompa\u00f1adas de h\u00e1bitos adecuados y una alimentaci\u00f3n equilibrada.<\/p>\n<p>Del mismo modo, dentro del herbolario tradicional, las <strong>pastillas de herbolario para bajar los triglic\u00e9ridos<\/strong> se integran como un complemento m\u00e1s dentro de un enfoque natural orientado al bienestar general.<\/p>\n\t\t<\/div>\n\t<\/div>\n\t\n\t<div id=\"accordion-723369136\" class=\"accordion-item\">\n\t\t<a id=\"accordion-723369136-label\" class=\"accordion-title plain\" href=\"#accordion-item-herbolario-y-tradici\u00f3n\" aria-expanded=\"false\" aria-controls=\"accordion-723369136-content\">\n\t\t\t<button class=\"toggle\" aria-label=\"Toggle\"><i class=\"icon-angle-down\" aria-hidden=\"true\"><\/i><\/button>\n\t\t\t<span>Herbolario y tradici\u00f3n<\/span>\n\t\t<\/a>\n\t\t<div id=\"accordion-723369136-content\" class=\"accordion-inner\" aria-labelledby=\"accordion-723369136-label\">\n\t\t\t\n<h2>\u00bfPor qu\u00e9 se considera una de las mejores opciones de herbolario?<\/h2>\n<p>Por sus propiedades tradicionales, su origen vegetal y su enfoque hol\u00edstico, Shuddha Guggulu puede considerarse, en este contexto, <strong>una de las mejores pastillas de herbolario para bajar el colesterol<\/strong>, especialmente cuando se utiliza como apoyo natural dentro de un estilo de vida saludable y equilibrado.<\/p>\n<p>Por estas razones, es una opci\u00f3n valorada por quienes buscan soluciones naturales respaldadas por el uso tradicional y la experiencia del herbolario.<\/p>\n\t\t<\/div>\n\t<\/div>\n\t\n\t<div id=\"accordion-903016097\" class=\"accordion-item\">\n\t\t<a id=\"accordion-903016097-label\" class=\"accordion-title plain\" href=\"#accordion-item-ventajas-del-producto\" aria-expanded=\"false\" aria-controls=\"accordion-903016097-content\">\n\t\t\t<button class=\"toggle\" aria-label=\"Toggle\"><i class=\"icon-angle-down\" aria-hidden=\"true\"><\/i><\/button>\n\t\t\t<span>Ventajas del producto<\/span>\n\t\t<\/a>\n\t\t<div id=\"accordion-903016097-content\" class=\"accordion-inner\" aria-labelledby=\"accordion-903016097-label\">\n\t\t\t\n<h2>Ventajas de las pastillas de herbolario frente a otras opciones<\/h2>\n<ul>\n<li>Origen vegetal y formulaci\u00f3n basada en el uso tradicional.<\/li>\n<li>Integraci\u00f3n sencilla en rutinas diarias de bienestar.<\/li>\n<li>Enfoque natural y no invasivo.<\/li>\n<li>Uso complementario dentro de h\u00e1bitos de vida saludables.<\/li>\n<\/ul>\n<p>Adem\u00e1s, las <strong>pastillas colesterol naturales<\/strong> y de herbolario destacan por su compatibilidad con estilos de vida conscientes y preventivos.<\/p>\n\t\t<\/div>\n\t<\/div>\n\t\n\t<div id=\"accordion-1876497068\" class=\"accordion-item\">\n\t\t<a id=\"accordion-1876497068-label\" class=\"accordion-title plain\" href=\"#accordion-item-propiedades-beneficiosas\" aria-expanded=\"false\" aria-controls=\"accordion-1876497068-content\">\n\t\t\t<button class=\"toggle\" aria-label=\"Toggle\"><i class=\"icon-angle-down\" aria-hidden=\"true\"><\/i><\/button>\n\t\t\t<span>Propiedades beneficiosas<\/span>\n\t\t<\/a>\n\t\t<div id=\"accordion-1876497068-content\" class=\"accordion-inner\" aria-labelledby=\"accordion-1876497068-label\">\n\t\t\t\n<h2>Propiedades beneficiosas de Shuddha Guggulu<\/h2>\n<ul>\n<li>Estimula el metabolismo<\/li>\n<li>Ayuda a controlar el peso corporal<\/li>\n<li>Elimina el colesterol<\/li>\n<li>Depura el organismo de toxinas y desechos<\/li>\n<li>Mejora la circulaci\u00f3n sangu\u00ednea<\/li>\n<li>Fortalece los vasos sangu\u00edneos<\/li>\n<li>Apoya el funcionamiento del sistema cardiovascular<\/li>\n<li>Act\u00faa como prevenci\u00f3n de enfermedades card\u00edacas<\/li>\n<li>Alivia el dolor y la inflamaci\u00f3n en las articulaciones, aumentando su movilidad<\/li>\n<li>Tonifica el sistema nervioso<\/li>\n<li>Protege las c\u00e9lulas nerviosas de la degeneraci\u00f3n<\/li>\n<li>Ayuda en casos de estr\u00e9s constante y agotamiento nervioso<\/li>\n<li>Incrementa la libido y la resistencia f\u00edsica<\/li>\n<li>Es un antioxidante natural<\/li>\n<li>Proporciona energ\u00eda y mejora el bienestar general<\/li>\n<li>Estimula la regeneraci\u00f3n de los tejidos<\/li>\n<li>Normaliza el equilibrio hormonal<\/li>\n<li>Controla la funci\u00f3n de la tiroides<\/li>\n<li>Mejora el metabolismo lip\u00eddico<\/li>\n<li>Tiene efecto antiespasm\u00f3dico<\/li>\n<\/ul>\n\t\t<\/div>\n\t<\/div>\n\t\n\t<div id=\"accordion-3678309205\" class=\"accordion-item\">\n\t\t<a id=\"accordion-3678309205-label\" class=\"accordion-title plain\" href=\"#accordion-item-indicaciones-de-uso\" aria-expanded=\"false\" aria-controls=\"accordion-3678309205-content\">\n\t\t\t<button class=\"toggle\" aria-label=\"Toggle\"><i class=\"icon-angle-down\" aria-hidden=\"true\"><\/i><\/button>\n\t\t\t<span>Indicaciones de uso<\/span>\n\t\t<\/a>\n\t\t<div id=\"accordion-3678309205-content\" class=\"accordion-inner\" aria-labelledby=\"accordion-3678309205-label\">\n\t\t\t\n<h2>Indicaciones de uso<\/h2>\n<ul>\n<li>Exceso de peso<\/li>\n<li>Alteraciones del metabolismo<\/li>\n<li>Reumatismo<\/li>\n<li>Dolor en articulaciones y m\u00fasculos<\/li>\n<li>Artritis<\/li>\n<li>Artrosis<\/li>\n<li>Neuritis<\/li>\n<li>Agotamiento nervioso<\/li>\n<li>Epilepsia<\/li>\n<li>Diabetes<\/li>\n<li>Riesgo de enfermedades cardiovasculares<\/li>\n<li>Alteraciones hormonales<\/li>\n<li>Aterosclerosis<\/li>\n<li>Trastornos de l\u00edpidos<\/li>\n<\/ul>\n\t\t<\/div>\n\t<\/div>\n\t\n\t<div id=\"accordion-2093284500\" class=\"accordion-item\">\n\t\t<a id=\"accordion-2093284500-label\" class=\"accordion-title plain\" href=\"#accordion-item-modo-de-uso\" aria-expanded=\"false\" aria-controls=\"accordion-2093284500-content\">\n\t\t\t<button class=\"toggle\" aria-label=\"Toggle\"><i class=\"icon-angle-down\" aria-hidden=\"true\"><\/i><\/button>\n\t\t\t<span>Modo de uso<\/span>\n\t\t<\/a>\n\t\t<div id=\"accordion-2093284500-content\" class=\"accordion-inner\" aria-labelledby=\"accordion-2093284500-label\">\n\t\t\t\n<h2>Modo de uso<\/h2>\n<p>Se recomienda tomar Shuddha Guggulu a raz\u00f3n de 1 c\u00e1psula dos veces al d\u00eda despu\u00e9s de las comidas. Durante el tratamiento es necesario beber suficiente agua.<\/p>\n<p>Se aconseja completar un ciclo del producto, ya que el efecto de los remedios ayurv\u00e9dicos se acumula con el tiempo. Sin embargo, los primeros resultados suelen notarse ya durante la primera semana de tratamiento.<\/p>\n<p>Antes de comenzar el ciclo, se recomienda consultar a un especialista en Ayurveda.<\/p>\n\t\t<\/div>\n\t<\/div>\n\t\n\t<div id=\"accordion-2699683614\" class=\"accordion-item\">\n\t\t<a id=\"accordion-2699683614-label\" class=\"accordion-title plain\" href=\"#accordion-item-opiniones-de-usuarios\" aria-expanded=\"false\" aria-controls=\"accordion-2699683614-content\">\n\t\t\t<button class=\"toggle\" aria-label=\"Toggle\"><i class=\"icon-angle-down\" aria-hidden=\"true\"><\/i><\/button>\n\t\t\t<span>Opiniones de usuarios<\/span>\n\t\t<\/a>\n\t\t<div id=\"accordion-2699683614-content\" class=\"accordion-inner\" aria-labelledby=\"accordion-2699683614-label\">\n\t\t\t\n<h2>Opiniones sobre pastillas naturales para el colesterol<\/h2>\n<p>Seg\u00fan la experiencia compartida por muchos usuarios, las <strong>pastillas naturales para el colesterol opiniones<\/strong> suelen destacar la importancia de la constancia y de acompa\u00f1ar el uso del producto con una alimentaci\u00f3n adecuada y h\u00e1bitos saludables.<\/p>\n<p>En general, se valora positivamente el enfoque natural del producto y su integraci\u00f3n dentro de rutinas de bienestar a largo plazo.<\/p>\n\t\t<\/div>\n\t<\/div>\n\t\n\t<div id=\"accordion-3912578174\" class=\"accordion-item\">\n\t\t<a id=\"accordion-3912578174-label\" class=\"accordion-title plain\" href=\"#accordion-item-modo-de-integraci\u00f3n\" aria-expanded=\"false\" aria-controls=\"accordion-3912578174-content\">\n\t\t\t<button class=\"toggle\" aria-label=\"Toggle\"><i class=\"icon-angle-down\" aria-hidden=\"true\"><\/i><\/button>\n\t\t\t<span>Modo de integraci\u00f3n<\/span>\n\t\t<\/a>\n\t\t<div id=\"accordion-3912578174-content\" class=\"accordion-inner\" aria-labelledby=\"accordion-3912578174-label\">\n\t\t\t\n<h2>\u00bfC\u00f3mo integrar Shuddha Guggulu en tu rutina diaria?<\/h2>\n<p>En conclusi\u00f3n, integrar Shuddha Guggulu como complemento natural es sencillo. Por todo lo anterior, se recomienda utilizarlo de forma constante, acompa\u00f1ado de una dieta equilibrada, actividad f\u00edsica regular y h\u00e1bitos saludables que favorezcan el bienestar general del organismo.<\/p>\n\t\t<\/div>\n\t<\/div>\n\t\n<\/div>\n","protected":false},"excerpt":{"rendered":"<p>Shuddha Guggulu est\u00e1 dise\u00f1ado para mejorar el metabolismo y controlar el peso corporal. Normaliza el metabolismo de los l\u00edpidos, reduce los niveles de colesterol en sangre y depura el organismo de toxinas y desechos.<\/p>\n","protected":false},"featured_media":8850,"comment_status":"open","ping_status":"closed","template":"","meta":[],"product_brand":[],"product_cat":[72,80,88],"product_tag":[],"class_list":{"0":"post-8223","1":"product","2":"type-product","3":"status-publish","4":"has-post-thumbnail","6":"product_cat-cholesterol","7":"product_cat-herbals","8":"product_cat-weight-loss","10":"first","11":"instock","12":"sale","13":"shipping-taxable","14":"purchasable","15":"product-type-variable","16":"has-default-attributes"},"yoast_head":"<!-- This site is optimized with the Yoast SEO Premium plugin v26.3 (Yoast SEO v26.6) - https:\/\/yoast.com\/wordpress\/plugins\/seo\/ -->\n<title>Shuddha Guggulu Pastillas para el colesterol naturales<\/title>\n<meta name=\"description\" content=\"Shuddha Guggulu pastillas para el colesterol naturales: suplemento ayurv\u00e9dico que apoya el equilibrio del colesterol y triglic\u00e9ridos de forma natural y saludable.\" \/>\n<meta name=\"robots\" content=\"index, follow, max-snippet:-1, max-image-preview:large, max-video-preview:-1\" \/>\n<link rel=\"canonical\" href=\"https:\/\/bashirrased.com\/tienda\/producto\/shuddha-guggulu\/\" \/>\n<meta property=\"og:locale\" content=\"es_ES\" \/>\n<meta property=\"og:type\" content=\"article\" \/>\n<meta property=\"og:title\" content=\"Shuddha Guggulu\" \/>\n<meta property=\"og:description\" content=\"Shuddha Guggulu pastillas para el colesterol naturales: suplemento ayurv\u00e9dico que apoya el equilibrio del colesterol y triglic\u00e9ridos de forma natural y saludable.\" \/>\n<meta property=\"og:url\" content=\"https:\/\/bashirrased.com\/tienda\/producto\/shuddha-guggulu\/\" \/>\n<meta property=\"article:modified_time\" content=\"2025-12-18T05:48:49+00:00\" \/>\n<meta property=\"og:image\" content=\"https:\/\/bashirrased.com\/tienda\/wp-content\/uploads\/2025\/11\/shuddha-guggulu.png\" \/>\n\t<meta property=\"og:image:width\" content=\"300\" \/>\n\t<meta property=\"og:image:height\" content=\"300\" \/>\n\t<meta property=\"og:image:type\" content=\"image\/png\" \/>\n<meta name=\"twitter:card\" content=\"summary_large_image\" \/>\n<meta name=\"twitter:label1\" content=\"Tiempo de lectura\" \/>\n\t<meta name=\"twitter:data1\" content=\"5 minutos\" \/>\n<script type=\"application\/ld+json\" class=\"yoast-schema-graph\">{\"@context\":\"https:\/\/schema.org\",\"@graph\":[{\"@type\":\"WebPage\",\"@id\":\"https:\/\/bashirrased.com\/tienda\/producto\/shuddha-guggulu\/\",\"url\":\"https:\/\/bashirrased.com\/tienda\/producto\/shuddha-guggulu\/\",\"name\":\"Shuddha Guggulu Pastillas para el colesterol naturales\",\"isPartOf\":{\"@id\":\"https:\/\/bashirrased.com\/tienda\/#website\"},\"primaryImageOfPage\":{\"@id\":\"https:\/\/bashirrased.com\/tienda\/producto\/shuddha-guggulu\/#primaryimage\"},\"image\":{\"@id\":\"https:\/\/bashirrased.com\/tienda\/producto\/shuddha-guggulu\/#primaryimage\"},\"thumbnailUrl\":\"https:\/\/bashirrased.com\/tienda\/wp-content\/uploads\/2025\/11\/shuddha-guggulu.png\",\"datePublished\":\"2025-11-16T07:09:29+00:00\",\"dateModified\":\"2025-12-18T05:48:49+00:00\",\"description\":\"Shuddha Guggulu pastillas para el colesterol naturales: suplemento ayurv\u00e9dico que apoya el equilibrio del colesterol y triglic\u00e9ridos de forma natural y saludable.\",\"breadcrumb\":{\"@id\":\"https:\/\/bashirrased.com\/tienda\/producto\/shuddha-guggulu\/#breadcrumb\"},\"inLanguage\":\"es\",\"potentialAction\":[{\"@type\":\"ReadAction\",\"target\":[\"https:\/\/bashirrased.com\/tienda\/producto\/shuddha-guggulu\/\"]}]},{\"@type\":\"ImageObject\",\"inLanguage\":\"es\",\"@id\":\"https:\/\/bashirrased.com\/tienda\/producto\/shuddha-guggulu\/#primaryimage\",\"url\":\"https:\/\/bashirrased.com\/tienda\/wp-content\/uploads\/2025\/11\/shuddha-guggulu.png\",\"contentUrl\":\"https:\/\/bashirrased.com\/tienda\/wp-content\/uploads\/2025\/11\/shuddha-guggulu.png\",\"width\":300,\"height\":300},{\"@type\":\"BreadcrumbList\",\"@id\":\"https:\/\/bashirrased.com\/tienda\/producto\/shuddha-guggulu\/#breadcrumb\",\"itemListElement\":[{\"@type\":\"ListItem\",\"position\":1,\"name\":\"Home\",\"item\":\"https:\/\/bashirrased.com\/tienda\/\"},{\"@type\":\"ListItem\",\"position\":2,\"name\":\"shop\",\"item\":\"https:\/\/bashirrased.com\/tienda\/shop\/\"},{\"@type\":\"ListItem\",\"position\":3,\"name\":\"Shuddha Guggulu\"}]},{\"@type\":\"WebSite\",\"@id\":\"https:\/\/bashirrased.com\/tienda\/#website\",\"url\":\"https:\/\/bashirrased.com\/tienda\/\",\"name\":\"Farmacia Bio\",\"description\":\"\",\"potentialAction\":[{\"@type\":\"SearchAction\",\"target\":{\"@type\":\"EntryPoint\",\"urlTemplate\":\"https:\/\/bashirrased.com\/tienda\/?s={search_term_string}\"},\"query-input\":{\"@type\":\"PropertyValueSpecification\",\"valueRequired\":true,\"valueName\":\"search_term_string\"}}],\"inLanguage\":\"es\"}]}<\/script>\n<!-- \/ Yoast SEO Premium plugin. -->","yoast_head_json":{"title":"Shuddha Guggulu Pastillas para el colesterol naturales","description":"Shuddha Guggulu pastillas para el colesterol naturales: suplemento ayurv\u00e9dico que apoya el equilibrio del colesterol y triglic\u00e9ridos de forma natural y saludable.","robots":{"index":"index","follow":"follow","max-snippet":"max-snippet:-1","max-image-preview":"max-image-preview:large","max-video-preview":"max-video-preview:-1"},"canonical":"https:\/\/bashirrased.com\/tienda\/producto\/shuddha-guggulu\/","og_locale":"es_ES","og_type":"article","og_title":"Shuddha Guggulu","og_description":"Shuddha Guggulu pastillas para el colesterol naturales: suplemento ayurv\u00e9dico que apoya el equilibrio del colesterol y triglic\u00e9ridos de forma natural y saludable.","og_url":"https:\/\/bashirrased.com\/tienda\/producto\/shuddha-guggulu\/","article_modified_time":"2025-12-18T05:48:49+00:00","og_image":[{"width":300,"height":300,"url":"https:\/\/bashirrased.com\/tienda\/wp-content\/uploads\/2025\/11\/shuddha-guggulu.png","type":"image\/png"}],"twitter_card":"summary_large_image","twitter_misc":{"Tiempo de lectura":"5 minutos"},"schema":{"@context":"https:\/\/schema.org","@graph":[{"@type":"WebPage","@id":"https:\/\/bashirrased.com\/tienda\/producto\/shuddha-guggulu\/","url":"https:\/\/bashirrased.com\/tienda\/producto\/shuddha-guggulu\/","name":"Shuddha Guggulu Pastillas para el colesterol naturales","isPartOf":{"@id":"https:\/\/bashirrased.com\/tienda\/#website"},"primaryImageOfPage":{"@id":"https:\/\/bashirrased.com\/tienda\/producto\/shuddha-guggulu\/#primaryimage"},"image":{"@id":"https:\/\/bashirrased.com\/tienda\/producto\/shuddha-guggulu\/#primaryimage"},"thumbnailUrl":"https:\/\/bashirrased.com\/tienda\/wp-content\/uploads\/2025\/11\/shuddha-guggulu.png","datePublished":"2025-11-16T07:09:29+00:00","dateModified":"2025-12-18T05:48:49+00:00","description":"Shuddha Guggulu pastillas para el colesterol naturales: suplemento ayurv\u00e9dico que apoya el equilibrio del colesterol y triglic\u00e9ridos de forma natural y saludable.","breadcrumb":{"@id":"https:\/\/bashirrased.com\/tienda\/producto\/shuddha-guggulu\/#breadcrumb"},"inLanguage":"es","potentialAction":[{"@type":"ReadAction","target":["https:\/\/bashirrased.com\/tienda\/producto\/shuddha-guggulu\/"]}]},{"@type":"ImageObject","inLanguage":"es","@id":"https:\/\/bashirrased.com\/tienda\/producto\/shuddha-guggulu\/#primaryimage","url":"https:\/\/bashirrased.com\/tienda\/wp-content\/uploads\/2025\/11\/shuddha-guggulu.png","contentUrl":"https:\/\/bashirrased.com\/tienda\/wp-content\/uploads\/2025\/11\/shuddha-guggulu.png","width":300,"height":300},{"@type":"BreadcrumbList","@id":"https:\/\/bashirrased.com\/tienda\/producto\/shuddha-guggulu\/#breadcrumb","itemListElement":[{"@type":"ListItem","position":1,"name":"Home","item":"https:\/\/bashirrased.com\/tienda\/"},{"@type":"ListItem","position":2,"name":"shop","item":"https:\/\/bashirrased.com\/tienda\/shop\/"},{"@type":"ListItem","position":3,"name":"Shuddha Guggulu"}]},{"@type":"WebSite","@id":"https:\/\/bashirrased.com\/tienda\/#website","url":"https:\/\/bashirrased.com\/tienda\/","name":"Farmacia Bio","description":"","potentialAction":[{"@type":"SearchAction","target":{"@type":"EntryPoint","urlTemplate":"https:\/\/bashirrased.com\/tienda\/?s={search_term_string}"},"query-input":{"@type":"PropertyValueSpecification","valueRequired":true,"valueName":"search_term_string"}}],"inLanguage":"es"}]}},"_links":{"self":[{"href":"https:\/\/bashirrased.com\/tienda\/wp-json\/wp\/v2\/product\/8223","targetHints":{"allow":["GET"]}}],"collection":[{"href":"https:\/\/bashirrased.com\/tienda\/wp-json\/wp\/v2\/product"}],"about":[{"href":"https:\/\/bashirrased.com\/tienda\/wp-json\/wp\/v2\/types\/product"}],"replies":[{"embeddable":true,"href":"https:\/\/bashirrased.com\/tienda\/wp-json\/wp\/v2\/comments?post=8223"}],"wp:featuredmedia":[{"embeddable":true,"href":"https:\/\/bashirrased.com\/tienda\/wp-json\/wp\/v2\/media\/8850"}],"wp:attachment":[{"href":"https:\/\/bashirrased.com\/tienda\/wp-json\/wp\/v2\/media?parent=8223"}],"wp:term":[{"taxonomy":"product_brand","embeddable":true,"href":"https:\/\/bashirrased.com\/tienda\/wp-json\/wp\/v2\/product_brand?post=8223"},{"taxonomy":"product_cat","embeddable":true,"href":"https:\/\/bashirrased.com\/tienda\/wp-json\/wp\/v2\/product_cat?post=8223"},{"taxonomy":"product_tag","embeddable":true,"href":"https:\/\/bashirrased.com\/tienda\/wp-json\/wp\/v2\/product_tag?post=8223"}],"curies":[{"name":"wp","href":"https:\/\/api.w.org\/{rel}","templated":true}]}}