{"id":139,"date":"2013-08-11T19:22:53","date_gmt":"2013-08-11T19:22:53","guid":{"rendered":"http:\/\/localhost:8888\/test\/?page_id=532"},"modified":"2025-12-02T19:48:54","modified_gmt":"2025-12-02T18:48:54","slug":"contacto","status":"publish","type":"page","link":"https:\/\/bashirrased.com\/tienda\/contacto\/","title":{"rendered":"Contact"},"content":{"rendered":"\n\t<section class=\"section\" id=\"section_1679707344\">\n\t\t<div class=\"section-bg fill\" >\n\t\t\t\t\t\t\t\t\t\n\t\t\t\n\n\t\t<\/div>\n\n\t\t\n\n\t\t<div class=\"section-content relative\">\n\t\t\t\n<div class=\"row\"  id=\"row-87463632\">\n\n\t<div id=\"col-41500653\" class=\"col medium-6 large-6\"  >\n\t\t\t\t<div class=\"col-inner\"  >\n\t\t\t\n\t\t\t\n<h2>Contacto<\/h2>\n<p>tienda@bashirrased.com<br data-start=\"33\" data-end=\"36\" \/>Disponible todos los d\u00edas, 24\/7<\/p>\n<p data-start=\"71\" data-end=\"267\">Gracias por visitar <strong data-start=\"91\" data-end=\"107\">Farmacia Bio<\/strong>. Nuestro equipo de atenci\u00f3n al cliente est\u00e1 disponible los 7 d\u00edas de la semana para ayudarte con cualquier duda sobre tu pedido, nuestros productos o el env\u00edo.<\/p>\n<p data-start=\"269\" data-end=\"479\">Puedes contactarnos por correo electr\u00f3nico, a trav\u00e9s del formulario de contacto de la web o por tel\u00e9fono.<br data-start=\"374\" data-end=\"377\" \/>Ofrecemos atenci\u00f3n en espa\u00f1ol, ingl\u00e9s y franc\u00e9s, y en Espa\u00f1a contamos con soporte completo en espa\u00f1ol.<\/p>\n<p data-start=\"481\" data-end=\"638\">Estamos comprometidos con un servicio r\u00e1pido, cercano y confidencial.<br data-start=\"550\" data-end=\"553\" \/>No dudes en escribirnos si necesitas ayuda <strong data-start=\"596\" data-end=\"624\">antes, durante o despu\u00e9s<\/strong> de tu compra.<\/p>\n\t\t<\/div>\n\t\t\t\t\t<\/div>\n\n\t\n\n\t<div id=\"col-379641854\" class=\"col medium-6 large-6\"  >\n\t\t\t\t<div class=\"col-inner\"  >\n\t\t\t\n\t\t\t\n<div class=\"container section-title-container\" ><h3 class=\"section-title section-title-normal\"><b aria-hidden=\"true\"><\/b><span class=\"section-title-main\" >Send us an email<\/span><b aria-hidden=\"true\"><\/b><\/h3><\/div>\n\n<div class=\"wpcf7 no-js\" id=\"wpcf7-f67-o1\" lang=\"en-US\" dir=\"ltr\" data-wpcf7-id=\"67\">\n<div class=\"screen-reader-response\"><p role=\"status\" aria-live=\"polite\" aria-atomic=\"true\"><\/p> <ul><\/ul><\/div>\n<form action=\"\/tienda\/wp-json\/wp\/v2\/pages\/139#wpcf7-f67-o1\" method=\"post\" class=\"wpcf7-form init\" aria-label=\"Contact form\" novalidate=\"novalidate\" data-status=\"init\">\n<fieldset class=\"hidden-fields-container\"><input type=\"hidden\" name=\"_wpcf7\" value=\"67\" \/><input type=\"hidden\" name=\"_wpcf7_version\" value=\"6.1.4\" \/><input type=\"hidden\" name=\"_wpcf7_locale\" value=\"en_US\" \/><input type=\"hidden\" name=\"_wpcf7_unit_tag\" value=\"wpcf7-f67-o1\" \/><input type=\"hidden\" name=\"_wpcf7_container_post\" value=\"0\" \/><input type=\"hidden\" name=\"_wpcf7_posted_data_hash\" value=\"\" \/>\n<\/fieldset>\n<div class=\"form-flat\">\n\t<p><span class=\"wpcf7-form-control-wrap\" data-name=\"your-name\"><input size=\"40\" maxlength=\"400\" class=\"wpcf7-form-control wpcf7-text wpcf7-validates-as-required\" aria-required=\"true\" aria-invalid=\"false\" placeholder=\"Tu nombre (obligatorio)\" value=\"\" type=\"text\" name=\"your-name\" \/><\/span>\n\t<\/p>\n\t<p><span class=\"wpcf7-form-control-wrap\" data-name=\"your-email\"><input size=\"40\" maxlength=\"400\" class=\"wpcf7-form-control wpcf7-email wpcf7-validates-as-required wpcf7-text wpcf7-validates-as-email\" aria-required=\"true\" aria-invalid=\"false\" placeholder=\"Tu correo electr\u00f3nico (obligatorio)\" value=\"\" type=\"email\" name=\"your-email\" \/><\/span>\n\t<\/p>\n\t<p><span class=\"wpcf7-form-control-wrap\" data-name=\"your-message\"><textarea cols=\"40\" rows=\"10\" maxlength=\"2000\" class=\"wpcf7-form-control wpcf7-textarea\" aria-invalid=\"false\" placeholder=\"Tu mensaje (obligatorio)\" name=\"your-message\"><\/textarea><\/span>\n\t<\/p>\n\t<p><input class=\"wpcf7-form-control wpcf7-submit has-spinner button\" type=\"submit\" value=\"Enviar\" \/>\n\t<\/p>\n<\/div><div class=\"wpcf7-response-output\" aria-hidden=\"true\"><\/div>\n<\/form>\n<\/div>\n\n\t\t<\/div>\n\t\t\t\t\t<\/div>\n\n\t\n<\/div>\n\t\t<\/div>\n\n\t\t\n<style>\n#section_1679707344 {\n  padding-top: 30px;\n  padding-bottom: 30px;\n}\n<\/style>\n\t<\/section>\n\t\n\n\t<section class=\"section\" id=\"section_732595506\">\n\t\t<div class=\"section-bg fill\" >\n\t\t\t\t\t\t\t\t\t\n\t\t\t\n\n\t\t<\/div>\n\n\t\t\n\n\t\t<div class=\"section-content relative\">\n\t\t\t\n<div class=\"row\"  id=\"row-2118535959\">\n\n\t<div id=\"col-1167700941\" class=\"col small-12 large-12\"  >\n\t\t\t\t<div class=\"col-inner\"  >\n\t\t\t\n\t\t\t\n\t\t<\/div>\n\t\t\t\t\t<\/div>\n\n\t\n<\/div>\n\n<h2>Preguntas frecuentes sobre contacto y soporte<\/h2>\n<div class=\"accordion\">\n\t<div id=\"accordion-2671640503\" class=\"accordion-item\">\n\t\t<a id=\"accordion-2671640503-label\" class=\"accordion-title plain\" href=\"#accordion-item-\u00bfen-qu\u00e9-horario-atend\u00e9is?\" aria-expanded=\"false\" aria-controls=\"accordion-2671640503-content\">\n\t\t\t<button class=\"toggle\" aria-label=\"Toggle\"><i class=\"icon-angle-down\" aria-hidden=\"true\"><\/i><\/button>\n\t\t\t<span>\u00bfEn qu\u00e9 horario atend\u00e9is?<\/span>\n\t\t<\/a>\n\t\t<div id=\"accordion-2671640503-content\" class=\"accordion-inner\" aria-labelledby=\"accordion-2671640503-label\">\n\t\t\t\n<p>Nuestro equipo de atenci\u00f3n al cliente est\u00e1 disponible todos los d\u00edas, 24\/7, para recibir tus consultas.<br \/>\nAun as\u00ed, los tiempos de respuesta pueden variar seg\u00fan el volumen de mensajes.<br \/>\nSiempre intentamos contestar lo antes posible.<\/p>\n\t\t<\/div>\n\t<\/div>\n\t\n\t<div id=\"accordion-273160145\" class=\"accordion-item\">\n\t\t<a id=\"accordion-273160145-label\" class=\"accordion-title plain\" href=\"#accordion-item-\u00bfcu\u00e1nto-tard\u00e1is-en-responder-a-un-correo?\" aria-expanded=\"false\" aria-controls=\"accordion-273160145-content\">\n\t\t\t<button class=\"toggle\" aria-label=\"Toggle\"><i class=\"icon-angle-down\" aria-hidden=\"true\"><\/i><\/button>\n\t\t\t<span>\u00bfCu\u00e1nto tard\u00e1is en responder a un correo?<\/span>\n\t\t<\/a>\n\t\t<div id=\"accordion-273160145-content\" class=\"accordion-inner\" aria-labelledby=\"accordion-273160145-label\">\n\t\t\t\n<p>En la mayor\u00eda de los casos respondemos dentro de las primeras 24 horas.<br \/>\nEn periodos de alta demanda o festivos, el tiempo de respuesta puede ser algo mayor, pero revisamos todos los mensajes.<\/p>\n\t\t<\/div>\n\t<\/div>\n\t\n\t<div id=\"accordion-1760687681\" class=\"accordion-item\">\n\t\t<a id=\"accordion-1760687681-label\" class=\"accordion-title plain\" href=\"#accordion-item-\u00bfqu\u00e9-canales-de-contacto-puedo-usar?\" aria-expanded=\"false\" aria-controls=\"accordion-1760687681-content\">\n\t\t\t<button class=\"toggle\" aria-label=\"Toggle\"><i class=\"icon-angle-down\" aria-hidden=\"true\"><\/i><\/button>\n\t\t\t<span>\u00bfQu\u00e9 canales de contacto puedo usar?<\/span>\n\t\t<\/a>\n\t\t<div id=\"accordion-1760687681-content\" class=\"accordion-inner\" aria-labelledby=\"accordion-1760687681-label\">\n\t\t\t\n<p>Puedes escribirnos directamente a <strong>tienda@bashirrased.com<\/strong>, utilizar el formulario de contacto de la web .<\/p>\n\t\t<\/div>\n\t<\/div>\n\t\n\t<div id=\"accordion-3985641674\" class=\"accordion-item\">\n\t\t<a id=\"accordion-3985641674-label\" class=\"accordion-title plain\" href=\"#accordion-item-\u00bfen-qu\u00e9-idiomas-ofrec\u00e9is-soporte?\" aria-expanded=\"false\" aria-controls=\"accordion-3985641674-content\">\n\t\t\t<button class=\"toggle\" aria-label=\"Toggle\"><i class=\"icon-angle-down\" aria-hidden=\"true\"><\/i><\/button>\n\t\t\t<span>\u00bfEn qu\u00e9 idiomas ofrec\u00e9is soporte?<\/span>\n\t\t<\/a>\n\t\t<div id=\"accordion-3985641674-content\" class=\"accordion-inner\" aria-labelledby=\"accordion-3985641674-label\">\n\t\t\t\n<p>Ofrecemos atenci\u00f3n en <strong>espa\u00f1ol, ingl\u00e9s y franc\u00e9s<\/strong>.<br \/>\nPara clientes en Espa\u00f1a, el soporte se ofrece principalmente en espa\u00f1ol.<\/p>\n\t\t<\/div>\n\t<\/div>\n\t\n\t<div id=\"accordion-1058088958\" class=\"accordion-item\">\n\t\t<a id=\"accordion-1058088958-label\" class=\"accordion-title plain\" href=\"#accordion-item-\u00bfqu\u00e9-informaci\u00f3n-debo-incluir-al-escribir-sobre-mi-pedido?\" aria-expanded=\"false\" aria-controls=\"accordion-1058088958-content\">\n\t\t\t<button class=\"toggle\" aria-label=\"Toggle\"><i class=\"icon-angle-down\" aria-hidden=\"true\"><\/i><\/button>\n\t\t\t<span>\u00bfQu\u00e9 informaci\u00f3n debo incluir al escribir sobre mi pedido?<\/span>\n\t\t<\/a>\n\t\t<div id=\"accordion-1058088958-content\" class=\"accordion-inner\" aria-labelledby=\"accordion-1058088958-label\">\n\t\t\t\n<p>Para ayudarte m\u00e1s r\u00e1pido, incluye siempre:<\/p>\n<ul>\n<li>Tu nombre completo.<\/li>\n<li>El n\u00famero de pedido.<\/li>\n<li>El correo electr\u00f3nico con el que realizaste la compra.<\/li>\n<li>Una breve descripci\u00f3n de tu consulta o incidencia.<\/li>\n<\/ul>\n\t\t<\/div>\n\t<\/div>\n\t\n\t<div id=\"accordion-3791937946\" class=\"accordion-item\">\n\t\t<a id=\"accordion-3791937946-label\" class=\"accordion-title plain\" href=\"#accordion-item-\u00bfd\u00f3nde-puedo-ver-el-estado-de-mi-pedido?\" aria-expanded=\"false\" aria-controls=\"accordion-3791937946-content\">\n\t\t\t<button class=\"toggle\" aria-label=\"Toggle\"><i class=\"icon-angle-down\" aria-hidden=\"true\"><\/i><\/button>\n\t\t\t<span>\u00bfD\u00f3nde puedo ver el estado de mi pedido?<\/span>\n\t\t<\/a>\n\t\t<div id=\"accordion-3791937946-content\" class=\"accordion-inner\" aria-labelledby=\"accordion-3791937946-label\">\n\t\t\t\n<p>Tras realizar la compra, recibir\u00e1s un correo de confirmaci\u00f3n con los detalles del pedido.<br \/>\nSi tu env\u00edo incluye n\u00famero de seguimiento, tambi\u00e9n te lo enviaremos por correo.<br \/>\nSi tienes dudas sobre el estado de tu pedido, puedes escribirnos y lo revisaremos por ti.<\/p>\n\t\t<\/div>\n\t<\/div>\n\t\n<\/div>\n\n\t\t<\/div>\n\n\t\t\n<style>\n#section_732595506 {\n  padding-top: 30px;\n  padding-bottom: 30px;\n}\n<\/style>\n\t<\/section>\n\t\n","protected":false},"excerpt":{"rendered":"","protected":false},"author":1,"featured_media":71,"parent":0,"menu_order":0,"comment_status":"closed","ping_status":"closed","template":"","meta":{"footnotes":""},"class_list":["post-139","page","type-page","status-publish","has-post-thumbnail","hentry"],"yoast_head":"<!-- This site is optimized with the Yoast SEO Premium plugin v26.3 (Yoast SEO v26.6) - https:\/\/yoast.com\/wordpress\/plugins\/seo\/ -->\n<title>Contact Farmacia Bio<\/title>\n<meta name=\"robots\" content=\"index, follow, max-snippet:-1, max-image-preview:large, max-video-preview:-1\" \/>\n<link rel=\"canonical\" href=\"https:\/\/bashirrased.com\/tienda\/contacto\/\" \/>\n<meta property=\"og:locale\" content=\"es_ES\" \/>\n<meta property=\"og:type\" content=\"article\" \/>\n<meta property=\"og:title\" content=\"Contact\" \/>\n<meta property=\"og:url\" content=\"https:\/\/bashirrased.com\/tienda\/contacto\/\" \/>\n<meta property=\"article:modified_time\" content=\"2025-12-02T18:48:54+00:00\" \/>\n<meta property=\"og:image\" content=\"https:\/\/bashirrased.com\/tienda\/wp-content\/uploads\/2016\/08\/dummy-1.jpg\" \/>\n\t<meta property=\"og:image:width\" content=\"400\" \/>\n\t<meta property=\"og:image:height\" content=\"260\" \/>\n\t<meta property=\"og:image:type\" content=\"image\/jpeg\" \/>\n<meta name=\"twitter:card\" content=\"summary_large_image\" \/>\n<meta name=\"twitter:label1\" content=\"Tiempo de lectura\" \/>\n\t<meta name=\"twitter:data1\" content=\"2 minutos\" \/>\n<script type=\"application\/ld+json\" class=\"yoast-schema-graph\">{\"@context\":\"https:\/\/schema.org\",\"@graph\":[{\"@type\":\"WebPage\",\"@id\":\"https:\/\/bashirrased.com\/tienda\/contacto\/\",\"url\":\"https:\/\/bashirrased.com\/tienda\/contacto\/\",\"name\":\"Contact Farmacia Bio\",\"isPartOf\":{\"@id\":\"https:\/\/bashirrased.com\/tienda\/#website\"},\"primaryImageOfPage\":{\"@id\":\"https:\/\/bashirrased.com\/tienda\/contacto\/#primaryimage\"},\"image\":{\"@id\":\"https:\/\/bashirrased.com\/tienda\/contacto\/#primaryimage\"},\"thumbnailUrl\":\"https:\/\/bashirrased.com\/tienda\/wp-content\/uploads\/2016\/08\/dummy-1.jpg\",\"datePublished\":\"2013-08-11T19:22:53+00:00\",\"dateModified\":\"2025-12-02T18:48:54+00:00\",\"breadcrumb\":{\"@id\":\"https:\/\/bashirrased.com\/tienda\/contacto\/#breadcrumb\"},\"inLanguage\":\"es\",\"potentialAction\":[{\"@type\":\"ReadAction\",\"target\":[\"https:\/\/bashirrased.com\/tienda\/contacto\/\"]}]},{\"@type\":\"ImageObject\",\"inLanguage\":\"es\",\"@id\":\"https:\/\/bashirrased.com\/tienda\/contacto\/#primaryimage\",\"url\":\"https:\/\/bashirrased.com\/tienda\/wp-content\/uploads\/2016\/08\/dummy-1.jpg\",\"contentUrl\":\"https:\/\/bashirrased.com\/tienda\/wp-content\/uploads\/2016\/08\/dummy-1.jpg\",\"width\":400,\"height\":260},{\"@type\":\"BreadcrumbList\",\"@id\":\"https:\/\/bashirrased.com\/tienda\/contacto\/#breadcrumb\",\"itemListElement\":[{\"@type\":\"ListItem\",\"position\":1,\"name\":\"Home\",\"item\":\"https:\/\/bashirrased.com\/tienda\/\"},{\"@type\":\"ListItem\",\"position\":2,\"name\":\"Contact\"}]},{\"@type\":\"WebSite\",\"@id\":\"https:\/\/bashirrased.com\/tienda\/#website\",\"url\":\"https:\/\/bashirrased.com\/tienda\/\",\"name\":\"Farmacia Bio\",\"description\":\"\",\"potentialAction\":[{\"@type\":\"SearchAction\",\"target\":{\"@type\":\"EntryPoint\",\"urlTemplate\":\"https:\/\/bashirrased.com\/tienda\/?s={search_term_string}\"},\"query-input\":{\"@type\":\"PropertyValueSpecification\",\"valueRequired\":true,\"valueName\":\"search_term_string\"}}],\"inLanguage\":\"es\"}]}<\/script>\n<!-- \/ Yoast SEO Premium plugin. -->","yoast_head_json":{"title":"Contact Farmacia Bio","robots":{"index":"index","follow":"follow","max-snippet":"max-snippet:-1","max-image-preview":"max-image-preview:large","max-video-preview":"max-video-preview:-1"},"canonical":"https:\/\/bashirrased.com\/tienda\/contacto\/","og_locale":"es_ES","og_type":"article","og_title":"Contact","og_url":"https:\/\/bashirrased.com\/tienda\/contacto\/","article_modified_time":"2025-12-02T18:48:54+00:00","og_image":[{"width":400,"height":260,"url":"https:\/\/bashirrased.com\/tienda\/wp-content\/uploads\/2016\/08\/dummy-1.jpg","type":"image\/jpeg"}],"twitter_card":"summary_large_image","twitter_misc":{"Tiempo de lectura":"2 minutos"},"schema":{"@context":"https:\/\/schema.org","@graph":[{"@type":"WebPage","@id":"https:\/\/bashirrased.com\/tienda\/contacto\/","url":"https:\/\/bashirrased.com\/tienda\/contacto\/","name":"Contact Farmacia Bio","isPartOf":{"@id":"https:\/\/bashirrased.com\/tienda\/#website"},"primaryImageOfPage":{"@id":"https:\/\/bashirrased.com\/tienda\/contacto\/#primaryimage"},"image":{"@id":"https:\/\/bashirrased.com\/tienda\/contacto\/#primaryimage"},"thumbnailUrl":"https:\/\/bashirrased.com\/tienda\/wp-content\/uploads\/2016\/08\/dummy-1.jpg","datePublished":"2013-08-11T19:22:53+00:00","dateModified":"2025-12-02T18:48:54+00:00","breadcrumb":{"@id":"https:\/\/bashirrased.com\/tienda\/contacto\/#breadcrumb"},"inLanguage":"es","potentialAction":[{"@type":"ReadAction","target":["https:\/\/bashirrased.com\/tienda\/contacto\/"]}]},{"@type":"ImageObject","inLanguage":"es","@id":"https:\/\/bashirrased.com\/tienda\/contacto\/#primaryimage","url":"https:\/\/bashirrased.com\/tienda\/wp-content\/uploads\/2016\/08\/dummy-1.jpg","contentUrl":"https:\/\/bashirrased.com\/tienda\/wp-content\/uploads\/2016\/08\/dummy-1.jpg","width":400,"height":260},{"@type":"BreadcrumbList","@id":"https:\/\/bashirrased.com\/tienda\/contacto\/#breadcrumb","itemListElement":[{"@type":"ListItem","position":1,"name":"Home","item":"https:\/\/bashirrased.com\/tienda\/"},{"@type":"ListItem","position":2,"name":"Contact"}]},{"@type":"WebSite","@id":"https:\/\/bashirrased.com\/tienda\/#website","url":"https:\/\/bashirrased.com\/tienda\/","name":"Farmacia Bio","description":"","potentialAction":[{"@type":"SearchAction","target":{"@type":"EntryPoint","urlTemplate":"https:\/\/bashirrased.com\/tienda\/?s={search_term_string}"},"query-input":{"@type":"PropertyValueSpecification","valueRequired":true,"valueName":"search_term_string"}}],"inLanguage":"es"}]}},"_links":{"self":[{"href":"https:\/\/bashirrased.com\/tienda\/wp-json\/wp\/v2\/pages\/139","targetHints":{"allow":["GET"]}}],"collection":[{"href":"https:\/\/bashirrased.com\/tienda\/wp-json\/wp\/v2\/pages"}],"about":[{"href":"https:\/\/bashirrased.com\/tienda\/wp-json\/wp\/v2\/types\/page"}],"author":[{"embeddable":true,"href":"https:\/\/bashirrased.com\/tienda\/wp-json\/wp\/v2\/users\/1"}],"replies":[{"embeddable":true,"href":"https:\/\/bashirrased.com\/tienda\/wp-json\/wp\/v2\/comments?post=139"}],"version-history":[{"count":11,"href":"https:\/\/bashirrased.com\/tienda\/wp-json\/wp\/v2\/pages\/139\/revisions"}],"predecessor-version":[{"id":10718,"href":"https:\/\/bashirrased.com\/tienda\/wp-json\/wp\/v2\/pages\/139\/revisions\/10718"}],"wp:featuredmedia":[{"embeddable":true,"href":"https:\/\/bashirrased.com\/tienda\/wp-json\/wp\/v2\/media\/71"}],"wp:attachment":[{"href":"https:\/\/bashirrased.com\/tienda\/wp-json\/wp\/v2\/media?parent=139"}],"curies":[{"name":"wp","href":"https:\/\/api.w.org\/{rel}","templated":true}]}}